{"id":52,"date":"2014-01-30T16:32:22","date_gmt":"2014-01-30T21:32:22","guid":{"rendered":"http:\/\/psftest.csbe.qc.ca\/?page_id=52"},"modified":"2024-08-26T22:19:33","modified_gmt":"2024-08-27T02:19:33","slug":"le-conseil-detablissement-2013-2014","status":"publish","type":"page","link":"https:\/\/psf.cssbe.gouv.qc.ca\/?page_id=52","title":{"rendered":"Le conseil d&rsquo;\u00e9tablissement"},"content":{"rendered":"<p>Le conseil d&rsquo;\u00e9tablissement est une structure compos\u00e9e de personnes (parents, membres du personnel, \u00e9l\u00e8ves, repr\u00e9sentant de la communaut\u00e9) qui d\u00e9sirent s&rsquo;impliquer au niveau de l&rsquo;\u00e9ducation.<\/p>\n<p>Dans le contexte de la r\u00e9forme de l&rsquo;\u00e9ducation au Qu\u00e9bec, un conseil d&rsquo;\u00e9tablissement est institu\u00e9 dans chaque \u00e9tablissement scolaire.<\/p>\n<p>Il a des fonctions et des pouvoirs visant \u00e0 amener les \u00e9coles et les centres \u00e0 mettre en commun les comp\u00e9tences de gens qui s&rsquo;int\u00e9ressent de fa\u00e7on active \u00e0 l&rsquo;\u00e9ducation.<\/p>\n<p>Les d\u00e9cisions d&rsquo;un conseil d&rsquo;\u00e9tablissement doivent toujours tenir en compte le meilleur int\u00e9r\u00eat des \u00e9l\u00e8ves.<\/p>\n<p>\u00c0 la polyvalente St-Fran\u00e7ois, le conseil d&rsquo;\u00e9tablissement est constitu\u00e9 des personnes suivante pour l&rsquo;ann\u00e9e 2024-2025: (\u00e0 venir selon les \u00e9lections de l&rsquo;assembl\u00e9e du 16 septembre 2024)<\/p>\n<h3><\/h3>\n<p class=\"x_MsoNormal\"><strong><span style=\"color: #008000;\">Repr\u00e9sentants des parents :\u00a0<\/span>\u00a0 Marie-H\u00e9l\u00e8ne Cliche (pr\u00e9sidente), Pierre-Olivier Girard <\/strong>(vice-pr\u00e9sident et repr\u00e9sentant comit\u00e9 de parents)<strong>, <\/strong>\u00a0<strong>Ariane Bernard <\/strong>(parent)\u00a0<strong>, Dominique Fecteau <\/strong>(parent), <strong>\u00a0Julie Gagnon <\/strong>(parent), <strong>Nathalie Dutil<\/strong> (parent substitut) et\u00a0<strong>\u00c9milie Gagn\u00e9\u00a0<\/strong>(parent substitut).<\/p>\n<p class=\"x_MsoNormal\"><strong><span style=\"color: #008000;\">Repr\u00e9sentants des enseignants :<\/span>\u00a0 \u00a0 Anne Gigu\u00e8re,\u00a0<\/strong><\/p>\n<p class=\"x_MsoNormal\"><strong><span style=\"color: #008000;\">Repr\u00e9sentant des professionnels<\/span> : Chantal C\u00e9cire<\/strong><\/p>\n<p class=\"x_MsoNormal\"><strong><span style=\"color: #008000;\">Repr\u00e9sentant du personnel de soutien:<\/span> aucun repr\u00e9sentant<\/strong><\/p>\n<p class=\"x_MsoNormal\"><span style=\"color: #008000;\"><strong>Repr\u00e9sentant de la communaut\u00e9: <span style=\"color: #000000;\">V\u00e9ronique Gilbert\u00a0<\/span><\/strong><\/span><\/p>\n<p class=\"x_MsoNormal\"><span style=\"color: #008000;\"><strong><span style=\"color: #008000;\">Repr\u00e9sentantes des \u00e9l\u00e8ves :<\/span><\/strong><\/span><\/p>\n<p class=\"x_MsoNormal\"><span style=\"color: #008000;\"><strong>Direction\u00a0:\u00a0<\/strong><\/span><strong>Anne B\u00e9gin<\/strong><\/p>\n<h3><\/h3>\n","protected":false},"excerpt":{"rendered":"<p>Le conseil d&rsquo;\u00e9tablissement est une structure compos\u00e9e de personnes (parents, membres du personnel, \u00e9l\u00e8ves, repr\u00e9sentant de la communaut\u00e9) qui d\u00e9sirent s&rsquo;impliquer au niveau de l&rsquo;\u00e9ducation. Dans le contexte de la r\u00e9forme de l&rsquo;\u00e9ducation au Qu\u00e9bec, un conseil d&rsquo;\u00e9tablissement est institu\u00e9 dans chaque \u00e9tablissement scolaire. Il a des fonctions et des pouvoirs visant \u00e0 amener les \u00e9coles et les centres \u00e0 mettre en commun les comp\u00e9tences de gens qui s&rsquo;int\u00e9ressent de fa\u00e7on active \u00e0 l&rsquo;\u00e9ducation. Les d\u00e9cisions d&rsquo;un conseil d&rsquo;\u00e9tablissement doivent toujours tenir en compte le meilleur int\u00e9r\u00eat des \u00e9l\u00e8ves. \u00c0 la polyvalente St-Fran\u00e7ois, le conseil d&rsquo;\u00e9tablissement est constitu\u00e9 des personnes suivante pour l&rsquo;ann\u00e9e 2024-2025: (\u00e0 venir selon les \u00e9lections de l&rsquo;assembl\u00e9e du 16 septembre 2024) Repr\u00e9sentants des parents :\u00a0\u00a0 Marie-H\u00e9l\u00e8ne Cliche (pr\u00e9sidente), Pierre-Olivier Girard (vice-pr\u00e9sident et repr\u00e9sentant comit\u00e9 de parents), \u00a0Ariane Bernard (parent)\u00a0, Dominique Fecteau (parent), \u00a0Julie Gagnon (parent), Nathalie Dutil (parent substitut) et\u00a0\u00c9milie Gagn\u00e9\u00a0(parent substitut). Repr\u00e9sentants des enseignants :\u00a0 \u00a0 Anne Gigu\u00e8re,\u00a0 Repr\u00e9sentant des professionnels : Chantal C\u00e9cire Repr\u00e9sentant du personnel de soutien: aucun repr\u00e9sentant Repr\u00e9sentant de la communaut\u00e9: V\u00e9ronique Gilbert\u00a0 Repr\u00e9sentantes des \u00e9l\u00e8ves : Direction\u00a0:\u00a0Anne B\u00e9gin<\/p>\n","protected":false},"author":6,"featured_media":0,"parent":0,"menu_order":0,"comment_status":"closed","ping_status":"closed","template":"","meta":{"footnotes":""},"class_list":["post-52","page","type-page","status-publish","hentry"],"_links":{"self":[{"href":"https:\/\/psf.cssbe.gouv.qc.ca\/index.php?rest_route=\/wp\/v2\/pages\/52","targetHints":{"allow":["GET"]}}],"collection":[{"href":"https:\/\/psf.cssbe.gouv.qc.ca\/index.php?rest_route=\/wp\/v2\/pages"}],"about":[{"href":"https:\/\/psf.cssbe.gouv.qc.ca\/index.php?rest_route=\/wp\/v2\/types\/page"}],"author":[{"embeddable":true,"href":"https:\/\/psf.cssbe.gouv.qc.ca\/index.php?rest_route=\/wp\/v2\/users\/6"}],"replies":[{"embeddable":true,"href":"https:\/\/psf.cssbe.gouv.qc.ca\/index.php?rest_route=%2Fwp%2Fv2%2Fcomments&post=52"}],"version-history":[{"count":52,"href":"https:\/\/psf.cssbe.gouv.qc.ca\/index.php?rest_route=\/wp\/v2\/pages\/52\/revisions"}],"predecessor-version":[{"id":5838,"href":"https:\/\/psf.cssbe.gouv.qc.ca\/index.php?rest_route=\/wp\/v2\/pages\/52\/revisions\/5838"}],"wp:attachment":[{"href":"https:\/\/psf.cssbe.gouv.qc.ca\/index.php?rest_route=%2Fwp%2Fv2%2Fmedia&parent=52"}],"curies":[{"name":"wp","href":"https:\/\/api.w.org\/{rel}","templated":true}]}}