{"id":441,"date":"2014-02-28T14:32:44","date_gmt":"2014-02-28T19:32:44","guid":{"rendered":"http:\/\/psftest.csbe.qc.ca\/?page_id=441"},"modified":"2024-08-26T22:20:48","modified_gmt":"2024-08-27T02:20:48","slug":"toxicomanie","status":"publish","type":"page","link":"https:\/\/psf.cssbe.gouv.qc.ca\/?page_id=441","title":{"rendered":"Toxicomanie"},"content":{"rendered":"<h3>Des ressources \u00e0 ta port\u00e9e!<\/h3>\n<p>Pour tout ce qui touche les drogues, certains intervenants de l&rsquo;\u00e9cole peuvent r\u00e9pondre \u00e0 tes questions.<\/p>\n<p>Selon leur expertise, ceux-ci peuvent t\u2019aider \u00e0 faire les bons choix.<\/p>\n<h3>\u00c0 qui t\u2019adresser dans certaines situations?<\/h3>\n<h3>En voici un aper\u00e7u:<\/h3>\n<h4><\/h4>\n<h4>L\u2019intervenant en pr\u00e9vention de la toxicomanie (Linda Rancourt)<\/h4>\n<p>Un des r\u00f4les de l\u2019intervenant en toxicomanie est d\u2019informer les \u00e9l\u00e8ves des cons\u00e9quences psychologiques et physiologiques de la consommation de drogue, par exemple lors de rencontres de groupe en classe. En rencontre individuelle, il est la personne-ressource pour t\u2019aider dans n\u2019importe quelle situation en lien avec la drogue. Comme il est tenu au secret professionnel, tu peux t\u2019adresser \u00e0 lui sans crainte qu\u2019il raconte ton histoire \u00e0 d\u2019autres personnes. Si tu t\u2019inqui\u00e8tes pour un ami qui consomme, ou si tu as commenc\u00e9 \u00e0 consommer, l\u2019intervenant peut t\u2019\u00e9couter, t\u2019aider \u00e0 \u00e9valuer ta consommation et te diriger au besoin vers le service appropri\u00e9.<\/p>\n<h4>Le policier intervenant en milieu scolaire(PIMS) (Elsa Guimond)<\/h4>\n<p>En mati\u00e8re de pr\u00e9vention, l\u2019agent PIMS est pr\u00e9sent pour t\u2019informer et r\u00e9pondre \u00e0 tes questions concernant les infractions li\u00e9es aux drogues.<br \/>\nEn mati\u00e8re d\u2019enqu\u00eate, les PIMS proc\u00e8dent aussi \u00e0 l\u2019arrestation des revendeurs de drogues.<\/p>\n<h3>Besoin d\u2019aide?<\/h3>\n<p>En plus des gens de ton entourage, d\u2019autres personnes peuvent te venir en aide si tu as un probl\u00e8me ou si tu as besoin de te confier. Cliques\u00a0sur les images suivantes pour plus d&rsquo;informations:<\/p>\n<p style=\"text-align: center;\"><a href=\"https:\/\/www.teljeunes.com\/Accueil\"><img loading=\"lazy\" decoding=\"async\" class=\"\" src=\"https:\/\/yt3.ggpht.com\/ytc\/AMLnZu_2m5yv0qV5njnFXIYtb7qqcRUSm4RkkM68H_dhqA=s900-c-k-c0x00ffffff-no-rj\" alt=\"Tel-jeunes - YouTube\" width=\"118\" height=\"118\" \/><\/a><\/p>\n<p style=\"text-align: center;\"><a href=\"https:\/\/jeunessejecoute.ca\/\" target=\"_blank\" rel=\"noopener\"><img loading=\"lazy\" decoding=\"async\" class=\"\" src=\"https:\/\/www.hss.gov.nt.ca\/sites\/hss\/files\/kids-help-phone-fr.jpg\" alt=\"Jeunesse J'\u00e9coute | Sant\u00e9 et Services sociaux\" width=\"152\" height=\"116\" \/><\/a><\/p>\n<p>Si tu veux signaler un crime en toute confidentialit\u00e9 (trafic de drogue, taxage, menaces ou agressions sexuelles ou physiques), tu peux t\u2019adresser \u00e0 :<\/p>\n<p><a href=\"https:\/\/echecaucrime.com\/\"><img loading=\"lazy\" decoding=\"async\" class=\"wp-image-5491 aligncenter\" src=\"https:\/\/psf.cssbe.gouv.qc.ca\/wp-content\/uploads\/2022\/11\/echec.png\" alt=\"\" width=\"144\" height=\"144\" srcset=\"https:\/\/psf.cssbe.gouv.qc.ca\/wp-content\/uploads\/2022\/11\/echec.png 225w, https:\/\/psf.cssbe.gouv.qc.ca\/wp-content\/uploads\/2022\/11\/echec-150x150.png 150w, https:\/\/psf.cssbe.gouv.qc.ca\/wp-content\/uploads\/2022\/11\/echec-75x75.png 75w\" sizes=\"auto, (max-width: 144px) 100vw, 144px\" \/><\/a><\/p>\n<p>Vous pouvez de plus communiquer avec votre policier intervenant en milieu scolaire :<\/p>\n<p style=\"padding-left: 30px;\">Marie-Michelle B\u00e9langer<br \/>\nS\u00fbret\u00e9 de Qu\u00e9bec MRC Robert-Cliche (418) 397-4247<\/p>\n","protected":false},"excerpt":{"rendered":"<p>Des ressources \u00e0 ta port\u00e9e! Pour tout ce qui touche les drogues, certains intervenants de l&rsquo;\u00e9cole peuvent r\u00e9pondre \u00e0 tes questions. Selon leur expertise, ceux-ci peuvent t\u2019aider \u00e0 faire les bons choix. \u00c0 qui t\u2019adresser dans certaines situations? En voici un aper\u00e7u: L\u2019intervenant en pr\u00e9vention de la toxicomanie (Linda Rancourt) Un des r\u00f4les de l\u2019intervenant en toxicomanie est d\u2019informer les \u00e9l\u00e8ves des cons\u00e9quences psychologiques et physiologiques de la consommation de drogue, par exemple lors de rencontres de groupe en classe. En rencontre individuelle, il est la personne-ressource pour t\u2019aider dans n\u2019importe quelle situation en lien avec la drogue. Comme il est tenu au secret professionnel, tu peux t\u2019adresser \u00e0 lui sans crainte qu\u2019il raconte ton histoire \u00e0 d\u2019autres personnes. Si tu t\u2019inqui\u00e8tes pour un ami qui consomme, ou si tu as commenc\u00e9 \u00e0 consommer, l\u2019intervenant peut t\u2019\u00e9couter, t\u2019aider \u00e0 \u00e9valuer ta consommation et te diriger au besoin vers le service appropri\u00e9. Le policier intervenant en milieu scolaire(PIMS) (Elsa Guimond) En mati\u00e8re de pr\u00e9vention, l\u2019agent PIMS est pr\u00e9sent pour t\u2019informer et r\u00e9pondre \u00e0 tes questions concernant les infractions li\u00e9es aux drogues. En mati\u00e8re d\u2019enqu\u00eate, les PIMS proc\u00e8dent aussi \u00e0 l\u2019arrestation des revendeurs de drogues. Besoin d\u2019aide? En plus des gens de ton entourage, d\u2019autres personnes peuvent te venir en aide si tu as un probl\u00e8me ou si tu as besoin de te confier. Cliques\u00a0sur les images suivantes pour plus d&rsquo;informations: Si tu veux signaler un crime en toute confidentialit\u00e9 (trafic de drogue, taxage, menaces ou agressions sexuelles ou physiques), tu peux t\u2019adresser \u00e0 : Vous pouvez de plus communiquer avec votre policier intervenant en milieu scolaire : Marie-Michelle B\u00e9langer S\u00fbret\u00e9 de Qu\u00e9bec MRC Robert-Cliche (418) 397-4247<\/p>\n","protected":false},"author":6,"featured_media":0,"parent":0,"menu_order":0,"comment_status":"closed","ping_status":"closed","template":"","meta":{"footnotes":""},"class_list":["post-441","page","type-page","status-publish","hentry"],"_links":{"self":[{"href":"https:\/\/psf.cssbe.gouv.qc.ca\/index.php?rest_route=\/wp\/v2\/pages\/441","targetHints":{"allow":["GET"]}}],"collection":[{"href":"https:\/\/psf.cssbe.gouv.qc.ca\/index.php?rest_route=\/wp\/v2\/pages"}],"about":[{"href":"https:\/\/psf.cssbe.gouv.qc.ca\/index.php?rest_route=\/wp\/v2\/types\/page"}],"author":[{"embeddable":true,"href":"https:\/\/psf.cssbe.gouv.qc.ca\/index.php?rest_route=\/wp\/v2\/users\/6"}],"replies":[{"embeddable":true,"href":"https:\/\/psf.cssbe.gouv.qc.ca\/index.php?rest_route=%2Fwp%2Fv2%2Fcomments&post=441"}],"version-history":[{"count":29,"href":"https:\/\/psf.cssbe.gouv.qc.ca\/index.php?rest_route=\/wp\/v2\/pages\/441\/revisions"}],"predecessor-version":[{"id":5839,"href":"https:\/\/psf.cssbe.gouv.qc.ca\/index.php?rest_route=\/wp\/v2\/pages\/441\/revisions\/5839"}],"wp:attachment":[{"href":"https:\/\/psf.cssbe.gouv.qc.ca\/index.php?rest_route=%2Fwp%2Fv2%2Fmedia&parent=441"}],"curies":[{"name":"wp","href":"https:\/\/api.w.org\/{rel}","templated":true}]}}