{"id":421,"date":"2014-02-28T14:18:12","date_gmt":"2014-02-28T19:18:12","guid":{"rendered":"http:\/\/psftest.csbe.qc.ca\/?page_id=421"},"modified":"2024-10-08T09:12:28","modified_gmt":"2024-10-08T13:12:28","slug":"projet-educatif","status":"publish","type":"page","link":"https:\/\/psf.cssbe.gouv.qc.ca\/?page_id=421","title":{"rendered":"Projet \u00e9ducatif"},"content":{"rendered":"<p>Dans notre \u00e9quipe-\u00e9cole, nous croyons que le projet \u00e9ducatif doit pouvoir traduire ce qu\u2019une communaut\u00e9 veut d\u00e9velopper, plus particuli\u00e8rement chez les enfants fr\u00e9quentant son \u00e9tablissement. Le projet \u00e9ducatif doit \u00e9merger de ce qui nous tient \u00e0 c\u0153ur, de ce qui permet aux enfants de grandir et d\u2019\u00eatre fiers d\u2019eux.<\/p>\n<p>Cliquez sur le bouton suivant pour consulter le projet \u00e9ducatif de notre \u00e9cole<\/p>\n<p style=\"text-align: center;\"><a href=\"https:\/\/psf.cssbe.gouv.qc.ca\/wp-content\/uploads\/2024\/08\/Projet_educatif_23-27_Final.pdf\" target=\"_blank\" rel=\"noopener noreferrer\"><img loading=\"lazy\" decoding=\"async\" class=\"aligncenter wp-image-260 size-full\" src=\"https:\/\/psf.cssbe.gouv.qc.ca\/wp-content\/uploads\/2014\/02\/BoutPDF.png\" alt=\"BoutPDF\" width=\"59\" height=\"51\" \/><\/a><\/p>\n<p style=\"text-align: center;\">\n","protected":false},"excerpt":{"rendered":"<p>Dans notre \u00e9quipe-\u00e9cole, nous croyons que le projet \u00e9ducatif doit pouvoir traduire ce qu\u2019une communaut\u00e9 veut d\u00e9velopper, plus particuli\u00e8rement chez les enfants fr\u00e9quentant son \u00e9tablissement. Le projet \u00e9ducatif doit \u00e9merger de ce qui nous tient \u00e0 c\u0153ur, de ce qui permet aux enfants de grandir et d\u2019\u00eatre fiers d\u2019eux. Cliquez sur le bouton suivant pour consulter le projet \u00e9ducatif de notre \u00e9cole<\/p>\n","protected":false},"author":6,"featured_media":0,"parent":0,"menu_order":0,"comment_status":"closed","ping_status":"closed","template":"","meta":{"footnotes":""},"class_list":["post-421","page","type-page","status-publish","hentry"],"_links":{"self":[{"href":"https:\/\/psf.cssbe.gouv.qc.ca\/index.php?rest_route=\/wp\/v2\/pages\/421","targetHints":{"allow":["GET"]}}],"collection":[{"href":"https:\/\/psf.cssbe.gouv.qc.ca\/index.php?rest_route=\/wp\/v2\/pages"}],"about":[{"href":"https:\/\/psf.cssbe.gouv.qc.ca\/index.php?rest_route=\/wp\/v2\/types\/page"}],"author":[{"embeddable":true,"href":"https:\/\/psf.cssbe.gouv.qc.ca\/index.php?rest_route=\/wp\/v2\/users\/6"}],"replies":[{"embeddable":true,"href":"https:\/\/psf.cssbe.gouv.qc.ca\/index.php?rest_route=%2Fwp%2Fv2%2Fcomments&post=421"}],"version-history":[{"count":20,"href":"https:\/\/psf.cssbe.gouv.qc.ca\/index.php?rest_route=\/wp\/v2\/pages\/421\/revisions"}],"predecessor-version":[{"id":6093,"href":"https:\/\/psf.cssbe.gouv.qc.ca\/index.php?rest_route=\/wp\/v2\/pages\/421\/revisions\/6093"}],"wp:attachment":[{"href":"https:\/\/psf.cssbe.gouv.qc.ca\/index.php?rest_route=%2Fwp%2Fv2%2Fmedia&parent=421"}],"curies":[{"name":"wp","href":"https:\/\/api.w.org\/{rel}","templated":true}]}}