{"id":2001,"date":"2015-09-29T13:04:50","date_gmt":"2015-09-29T17:04:50","guid":{"rendered":"https:\/\/psf.cssbe.gouv.qc.ca\/?page_id=2001"},"modified":"2025-11-18T07:41:02","modified_gmt":"2025-11-18T12:41:02","slug":"portes-ouvertes","status":"publish","type":"page","link":"https:\/\/psf.cssbe.gouv.qc.ca\/?page_id=2001","title":{"rendered":"Portes ouvertes"},"content":{"rendered":"<p><span style=\"font-size: 18pt;\"><strong>Une \u00e9cole du monde, une \u00e9cole \u00e0 part!<\/strong><\/span><\/p>\n<p>La polyvalente Saint-Fran\u00e7ois est fi\u00e8re de vous inviter \u00e0 sa traditionnelle soir\u00e9e <em>portes ouvertes<\/em> qui aura lieu le 18 novembre, de 17h00 \u00e0 20h00.<\/p>\n<p>C\u2019est un personnel engag\u00e9 et des \u00e9l\u00e8ves motiv\u00e9s qui vous feront visiter la PSF,\u00a0 \u00e9cole \u00e0 dimension humaine o\u00f9 chaque \u00e9l\u00e8ve est connu et b\u00e9n\u00e9ficie d\u2019un encadrement de qualit\u00e9! Effectivement, ce qui nous distingue, c\u2019est avant tout une \u00e9cole comptant \u00e0 peine plus de\u00a0700 \u00e9l\u00e8ves qui offre ainsi l\u2019opportunit\u00e9 de d\u00e9velopper des liens significatifs avec tous les membres du personnel. La fiert\u00e9 de la PSF r\u00e9side dans son \u00a0climat sain et s\u00e9curitaire, dans son menu d\u2019activit\u00e9s \u00e9tudiantes tr\u00e8s vari\u00e9 et dans la qualit\u00e9 de ses services \u00e9ducatifs. Notre encadrement offre donc un suivi personnalis\u00e9 \u00e0 l\u2019\u00e9l\u00e8ve peu importe son programme.<\/p>\n<p>Venez nous rencontrer!<\/p>\n<ul>\n<li>18 novembre 2025, de 17 h 00 \u00e0 20h00<\/li>\n<li>Visite de l\u2019\u00e9cole : 17h00 \u00e0 20h00<\/li>\n<li>Rencontre d\u2019information : 18h30\u00a0 \u00e0 l\u2019auditorium : programme d&rsquo;\u00c9ducation interm\u00e9diaire (PEI)<\/li>\n<\/ul>\n<p><span style=\"text-decoration: underline;\">Voyez notre <a href=\"https:\/\/www.youtube.com\/watch?v=PsG7NEF2TMw\">vid\u00e9o promotionnelle 2022<\/a><\/span><\/p>\n\n","protected":false},"excerpt":{"rendered":"<p>Une \u00e9cole du monde, une \u00e9cole \u00e0 part! La polyvalente Saint-Fran\u00e7ois est fi\u00e8re de vous inviter \u00e0 sa traditionnelle soir\u00e9e portes ouvertes qui aura lieu le 18 novembre, de 17h00 \u00e0 20h00. C\u2019est un personnel engag\u00e9 et des \u00e9l\u00e8ves motiv\u00e9s qui vous feront visiter la PSF,\u00a0 \u00e9cole \u00e0 dimension humaine o\u00f9 chaque \u00e9l\u00e8ve est connu et b\u00e9n\u00e9ficie d\u2019un encadrement de qualit\u00e9! Effectivement, ce qui nous distingue, c\u2019est avant tout une \u00e9cole comptant \u00e0 peine plus de\u00a0700 \u00e9l\u00e8ves qui offre ainsi l\u2019opportunit\u00e9 de d\u00e9velopper des liens significatifs avec tous les membres du personnel. La fiert\u00e9 de la PSF r\u00e9side dans son \u00a0climat sain et s\u00e9curitaire, dans son menu d\u2019activit\u00e9s \u00e9tudiantes tr\u00e8s vari\u00e9 et dans la qualit\u00e9 de ses services \u00e9ducatifs. Notre encadrement offre donc un suivi personnalis\u00e9 \u00e0 l\u2019\u00e9l\u00e8ve peu importe son programme. Venez nous rencontrer! 18 novembre 2025, de 17 h 00 \u00e0 20h00 Visite de l\u2019\u00e9cole : 17h00 \u00e0 20h00 Rencontre d\u2019information : 18h30\u00a0 \u00e0 l\u2019auditorium : programme d&rsquo;\u00c9ducation interm\u00e9diaire (PEI) Voyez notre vid\u00e9o promotionnelle 2022<\/p>\n","protected":false},"author":6,"featured_media":0,"parent":0,"menu_order":0,"comment_status":"closed","ping_status":"closed","template":"","meta":{"footnotes":""},"class_list":["post-2001","page","type-page","status-publish","hentry"],"_links":{"self":[{"href":"https:\/\/psf.cssbe.gouv.qc.ca\/index.php?rest_route=\/wp\/v2\/pages\/2001","targetHints":{"allow":["GET"]}}],"collection":[{"href":"https:\/\/psf.cssbe.gouv.qc.ca\/index.php?rest_route=\/wp\/v2\/pages"}],"about":[{"href":"https:\/\/psf.cssbe.gouv.qc.ca\/index.php?rest_route=\/wp\/v2\/types\/page"}],"author":[{"embeddable":true,"href":"https:\/\/psf.cssbe.gouv.qc.ca\/index.php?rest_route=\/wp\/v2\/users\/6"}],"replies":[{"embeddable":true,"href":"https:\/\/psf.cssbe.gouv.qc.ca\/index.php?rest_route=%2Fwp%2Fv2%2Fcomments&post=2001"}],"version-history":[{"count":28,"href":"https:\/\/psf.cssbe.gouv.qc.ca\/index.php?rest_route=\/wp\/v2\/pages\/2001\/revisions"}],"predecessor-version":[{"id":6407,"href":"https:\/\/psf.cssbe.gouv.qc.ca\/index.php?rest_route=\/wp\/v2\/pages\/2001\/revisions\/6407"}],"wp:attachment":[{"href":"https:\/\/psf.cssbe.gouv.qc.ca\/index.php?rest_route=%2Fwp%2Fv2%2Fmedia&parent=2001"}],"curies":[{"name":"wp","href":"https:\/\/api.w.org\/{rel}","templated":true}]}}